s digit of 190324841?
3
What is the tens digit of 56909798?
9
What is the hundred thousands digit of 2357995064?
9
What is the hundreds digit of 18304137?
1
What is the ten millions digit of 1463202256?
6
What is the millions digit of 1182285145?
2
What is the thousands digit of 63906854?
6
What is the tens digit of 831842353?
5
What is the hundreds digit of 56658466?
4
What is the hundred thousands digit of 93099461?
0
What is the thousands digit of 9721311?
1
What is the hundreds digit of 3018758877?
8
What is the hundred thousands digit of 84683022?
6
What is the millions digit of 108885029?
8
What is the ten thousands digit of 373456495?
5
What is the hundred thousands digit of 241836491?
8
What is the units digit of 98196664?
4
What is the ten thousands digit of 3675857?
7
What is the thousands digit of 36957466?
7
What is the thousands digit of 1553642?
3
What is the tens digit of 7982732025?
2
What is the tens digit of 1766734527?
2
What is the billions digit of 2750067550?
2
What is the tens digit of 68005389?
8
What is the ten thousands digit of 1314143224?
4
What is the thousands digit of 5312358115?
8
What is the thousands digit of 33600013?
0
What is the ten millions digit of 67739942?
6
What is the units digit of 19432088?
8
What is the units digit of 55895237?
7
What is the ten thousands digit of 39732418?
3
What is the hundreds digit of 156532174?
1
What is the tens digit of 83901300?
0
What is the millions digit of 1382383612?
2
What is the tens digit of 832429466?
6
What is the hundred millions digit of 1058221406?
0
What is the millions digit of 59635391?
9
What is the millions digit of 35182716?
5
What is the thousands digit of 946302?
6
What is the thousands digit of 966156191?
6
What is the ten thousands digit of 4735983285?
8
What is the hundred millions digit of 1236747274?
2
What is the hundreds digit of 16525191?
1
What is the hundreds digit of 727120081?
0
What is the tens digit of 555012805?
0
What is the thousands digit of 872691097?
1
What is the hundred thousands digit of 2938476521?
4
What is the hundred millions digit of 850830442?
8
What is the tens digit of 101148173?
7
What is the ten thousands digit of 512648136?
4
What is the ten thousands digit of 4058324371?
2
What is the ten thousands digit of 568212919?
1
What is the tens digit of 481453541?
4
What is the ten thousands digit of 833475955?
7
What is the millions digit of 183396851?
3
What is the ten thousands digit of 225692932?
9
What is the millions digit of 121889733?
1
What is the ten thousands digit of 674424081?
2
What is the ten millions digit of 1726413131?
2
What is the billions digit of 3008856230?
3
What is the thousands digit of 78719911?
9
What is the hundred thousands digit of 52443756?
4
What is the tens digit of 3748746459?
5
What is the thousands digit of 53014594?
4
What is the hundred thousands digit of 2568068563?
0
What is the ten thousands digit of 950857700?
5
What is the tens digit of 1656803944?
4
What is the millions digit of 25629138?
5
What is the millions digit of 54793614?
4
What is the ten thousands digit of 1767848272?
4
What is the tens digit of 94742593?
9
What is the hundred thousands digit of 1970043686?
0
What is the millions digit of 58673597?
8
What is the millions digit of 20336604?
0
What is the tens digit of 47933061?
6
What is the hundreds digit of 3439749550?
5
What is the millions digit of 6272709409?
2
What is the thousands digit of 2818253674?
3
What is the ten thousands digit of 7230532?
3
What is the tens digit of 18941602?
0
What is the thousands digit of 677040405?
0
What is the thousands digit of 5131779453?
9
What is the ten millions digit of 34136112?
3
What is the hundred thousands digit of 54751724?
7
What is the thousands digit of 7000032?
0
What is the ten millions digit of 266592965?
6
What is the ten millions digit of 31706798?
3
What is the millions digit of 22207286?
2
What is the ten thousands digit of 904282786?
8
What is the hundred thousands digit of 133791344?
7
What is the units digit of 468610169?
9
What is the millions digit of 3022472?
3
What is the units digit of 90833213?
3
What is the units digit of 81684778?
8
What is the tens digit of 319667745?
4
What is the hundreds digit of 150007148?
1
What is the millions digit of 642468270?
2
What is the hundred millions digit of 4509550096?
5
What is the hundreds digit of 2595291?
2
What is the ten thousands digit of 30875285?
7
What is the ten millions digit of 31669305?
3
What is the tens digit of 55338519?
1
What is the hundreds digit of 1435834310?
3
What is the millions digit of 4118773773?
8
What is the hundred millions digit of 987722474?
9
What is the billions digit of 3064492711?
3
What is the tens digit of 4107252653?
5
What is the tens digit of 210955842?
4
What is the millions digit of 5638746777?
8
What is the units digit of 67648181?
1
What is the units digit of 66151902?
2
What is the ten thousands digit of 559751061?
5
What is the ten millions digit of 339225057?
3
What is the tens digit of 66641506?
0
What is the tens digit of 171667663?
6
What is the millions digit of 45040858?
5
What is the hundreds digit of 2727633286?
2
What is the units digit of 5776560046?
6
What is the units digit of 13770427?
7
What is the millions digit of 276173492?
6
What is the hundreds digit of 131294064?
0
What is the thousands digit of 7604997233?
7
What is the units digit of 2716242801?
1
What is the ten thousands digit of 178956127?
5
What is the tens digit of 375164294?
9
What is the hundred thousands digit of 159146318?
1
What is the units digit of 3986764?
4
What is the millions digit of 232116184?
2
What is the hundreds digit of 723649712?
7
What is the ten thousands digit of 252148004?
4
What is the tens digit of 61396283?
8
What is the tens digit of 497391199?
9
What is the millions digit of 357260754?
7
What is the ten thousands digit of 299940908?
4
What is the ten thousands digit of 28099522?
9
What is the ten millions digit of 73525164?
7
What is the hundred thousands digit of 1637641494?
6
What is the ten thousands digit of 29607826?
0
What is the hundred thousands digit of 24924578?
9
What is the units digit of 76803259?
9
What is the hundreds digit of 16331467?
4
What is the millions digit of 257902083?
7
What is the ten millions digit of 1790163099?
9
What is the hundred millions digit of 734973688?
7
What is the tens digit of 20302437?
3
What is the billions digit of 2408378641?
2
What is the hundred thousands digit of 40440395?
4
What is the tens digit of 58858650?
5
What is the millions digit of 635049662?
5
What is the hundreds digit of 5268299776?
7
What is the millions digit of 847030483?
7
What is the ten thousands digit of 1183885468?
8
What is the hundred thousands digit of 3961038090?
0
What is the hundred millions digit of 668983006?
6
What is the hundreds digit of 60687319?
3
What is the tens digit of 1195062292?
9
What is the units digit of 25817910?
0
What is the thousands digit of 63270899?
0
What is the units digit of 1726934978?
8
What is the hundred thousands digit of 3405621785?
6
What is the hundreds digit of 143997235?
2
What is the units digit of 830246?
6
What is the hundred millions digit of 1016547511?
0
What is the hundreds digit of 3330690211?
2
What is the billions digit of 4121854574?
4
What is the hundreds digit of 1250044591?
5
What is the ten thousands digit of 3399169?
9
What is the ten thousands digit of 417982542?
8
What is the ten millions digit of 357496579?
5
What is the millions digit of 48658145?
8
What is the thousands digit of 861108810?
8
What is the tens digit of 654027200?
0
What is the tens digit of 17674610?
1
What is the ten millions digit of 1326556568?
2
What is the thousands digit of 2178608265?
8
What is the tens digit of 3954261960?
6
What is the ten millions digit of 20471736?
2
What is the hundreds digit of 58131964?
9
What is the hundred millions digit of 346273483?
3
What is the hundred millions digit of 6819334723?
8
What is the hundred millions digit of 1585521572?
5
What is the millions digit of 191910584?
1
What is the millions digit of 39190771?
9
What is the hundred thousands digit of 51094480?
0
What is the ten millions digit of 103244862?
0
What is the ten 